he greatest common divisor of j and 130?
26
Let z = 2 - -12. Suppose -2*k = -k - 112. Calculate the highest common factor of z and k.
14
Let s be (-3)/(3/(-4 + (-10)/1)). What is the greatest common factor of 126 and s?
14
Let x be 4/(2 - 3/3). Suppose 5*c + 0*h - 42 = 4*h, -x*c = 2*h - 44. Let r be 0 - c*(-2)/2. Calculate the highest common factor of r and 40.
10
Suppose w + 0 = 1. Suppose 2*c - 3 = w. Suppose -115 = -5*t + 5*o, -2*t + 0*o + 26 = 2*o. Calculate the highest common factor of c and t.
2
Suppose 4*h = -0*o + 3*o + 15, 3*o - 9 = 0. Suppose 0 = -a + h*a - 100. What is the greatest common divisor of a and 8?
4
Let i be (-2)/(-6) + (-4)/3. Let f = 11 - i. Suppose -16 = -n - 4. What is the greatest common divisor of f and n?
12
Let j(n) = 3*n - 10. Let y(s) = s - 1. Let w(t) = -j(t) + 4*y(t). Let u be w(0). What is the greatest common divisor of 42 and u?
6
Suppose 4*h = 2 + 54. Suppose 0 = 2*v + 6, 0 = 4*u - 3*u - 3*v - 65. Calculate the highest common divisor of u and h.
14
Suppose q = 3*x - 7, 4 + 3 = 5*x - 4*q. Let g(h) = 8*h**2 - 7*h + 6. Let l be g(2). Calculate the highest common divisor of x and l.
3
Let a = 205 - 117. What is the greatest common factor of a and 8?
8
Suppose -115 = -5*n + 5*z, 4*n + 5*z - 10 - 91 = 0. Calculate the greatest common divisor of n and 6.
6
Let y = -181 + 184. Suppose 0 = a - 2*a - 2, 5*i + 5*a = 60. Let x = i + -8. What is the greatest common factor of x and y?
3
Suppose 3*j = -3*l - 27, -3*l + 6*l - 3*j = -27. Let k = 75 + l. Let o(d) = 43*d + 1. Let q be o(1). Calculate the greatest common factor of q and k.
22
Suppose 0 = 3*x - 10 - 2. Suppose -72 = -x*j + 12. Calculate the greatest common factor of j and 84.
21
Suppose 5*d = 2*p + 35 + 43, -5*d + 90 = -5*p. Let o = -5 + 9. Suppose -2*r - 101 = -3*j, -4*r = o*j - 0*r - 148. What is the highest common divisor of j and d?
7
Suppose 0 = 4*n - 218 - 662. Calculate the highest common divisor of 20 and n.
20
Let r be ((-1)/(-2))/((-1)/(-4)). Suppose -q + 12 = r*q. Calculate the greatest common divisor of q and 16.
4
Let o be 1/(-3) + 8/24. Let u(t) = -6 + 0*t + 26 + t. Let l be u(o). What is the greatest common divisor of 5 and l?
5
Suppose v = 2*v - 77. Suppose 0 = 5*l - 70 - 70. Suppose 2*a - l = -2*a. What is the greatest common divisor of v and a?
7
Let z = 4 - -4. What is the greatest common divisor of 64 and z?
8
Suppose 2*n + 2*n = 3*j - 44, -4*j - 44 = 4*n. Let u be (0 - n - 1)*4. Calculate the highest common divisor of u and 10.
10
Let g(i) = -21*i**3 + i**2 + 2*i + 1. Suppose 2*q + 5*t = 3, 5*q = -0*t - t - 4. Let r be g(q). Calculate the highest common divisor of 14 and r.
7
Let w be -6 - (2 + 1/1). Let g = 3 + w. Let d be (-162)/g + -1 + 1. What is the highest common divisor of d and 243?
27
Suppose l = 5*j - 120, -j - 4*l + 70 = j. What is the highest common divisor of 10 and j?
5
Let f be ((-360)/35 - 0)*-7. Let t(c) = -c**3 + 5*c**2 + 2*c - 6. Let i be t(5). Let g = 8 + i. What is the greatest common factor of g and f?
12
Suppose -u = -30 + 12. What is the highest common factor of 18 and u?
18
Let d(k) = -k**3 - 19*k**2 + 19*k - 19. Let z be d(-20). Calculate the highest common divisor of z and 1.
1
Let y = -8 + 13. Calculate the greatest common divisor of 45 and y.
5
Suppose -j + 3*j - 2 = -3*v, 2*v + 5*j + 6 = 0. Suppose -v*x = 1 + 3. Let l be (0 + x)/(-2) - -13. What is the highest common divisor of 2 and l?
2
Suppose 4*t + 108 = -0*t. Let m = t - -57. What is the greatest common divisor of m and 12?
6
Let b = -111 + 183. Calculate the highest common divisor of 8 and b.
8
Let m = 1 - -4. Suppose 5*k = 3*p + 35, 0*p + 25 = -5*p. Suppose 0*l + k*z = 5*l - 258, 2*z = -4. Calculate the greatest common factor of l and m.
5
Let q be (-2)/7 + (-44)/(-7). Let i be (q/4)/(1/84). Suppose -93 = -5*k - 23. Calculate the greatest common factor of i and k.
14
Suppose 805 - 37 = 64*f. Suppose -2*a + 2*c + 40 = 0, -5*a + 0*c = -3*c - 108. What is the highest common factor of f and a?
12
Let p(q) = 0 + 0 + 4*q + 10*q. Let o be p(4). Calculate the highest common divisor of 7 and o.
7
Suppose 3*y + 72 = 3*v, 0 = v - 3*y - 5 - 9. Suppose 4*b + 3*o - v = 0, 4*b + 3*o - 37 = -b. Calculate the highest common factor of b and 1.
1
Let h be 4 + -4 - -5 - -284. What is the greatest common factor of 17 and h?
17
Let s(a) = 3*a**2 - a + 3. Let n be s(-3). Calculate the highest common factor of n and 11.
11
Let p be 168/2 + 1*-3. Calculate the greatest common factor of 9 and p.
9
Let x(k) = -2*k**2 - 3*k + 238. Let z be x(0). Calculate the highest common divisor of 14 and z.
14
Let o = 398 - 614. Let j = -55 - o. What is the greatest common factor of j and 23?
23
Let r(a) = 2*a + 1. Let y be r(-1). Let b(q) = 15*q**2 - q - 1. Let h be b(y). Calculate the greatest common divisor of h and 135.
15
Let a(y) = 2*y + 2. Let x be a(2). Let z = -8 - -12. What is the highest common divisor of x and z?
2
Suppose 2*w + 198 = 4*w. Calculate the greatest common divisor of 9 and w.
9
Let z be (-46)/(-14) + 2/(-7). Let o = -17 + 46. Let n = 53 - o. Calculate the highest common factor of n and z.
3
Let l be (-397)/(-4) - (-2)/(-8). Suppose -w - l = -2*w. Let u(v) = -v + 11. Let c be u(0). What is the greatest common factor of w and c?
11
Suppose -5*z = 5 - 30. Let v(k) = k + 6. Let r be v(z). Calculate the greatest common divisor of r and 44.
11
Suppose -2*f = -2, 7*b + 151 = 2*b + f. Let h = -19 - b. Calculate the greatest common divisor of h and 1.
1
Suppose 5*m + 4*m - 54 = 0. What is the greatest common factor of 15 and m?
3
Let v be (10/3)/(18/27). What is the greatest common divisor of 1 and v?
1
Let o(t) = 4*t - 6. Let m be o(2). Suppose -4*w - 5*d - 37 = -2*w, 2*w + 2*d = -22. Let f be ((-210)/9)/(m/w). What is the highest common factor of 14 and f?
14
Suppose -m - t - 3*t = -7, 4*m = 4*t + 8. Suppose 4*f + 20 = z, m*f - 134 = -4*z + f. Calculate the greatest common factor of z and 8.
8
Let w be 4*-1*(-198)/8. Let u(v) = -2*v - 33. Let q be u(-14). Let n(o) = o**2 + 4*o + 6. Let t be n(q). What is the highest common factor of t and w?
11
Let l = 17 + 15. Calculate the greatest common divisor of l and 16.
16
Suppose -5 = -4*p + 15. Suppose -p*q = -0*q - 50. Let r(v) = -v**3 + v + 1. Let w be r(-3). Calculate the greatest common factor of w and q.
5
Let z be 182/6 - ((-125)/(-15) + -8). Suppose 5*n = -f + 229, -5*f - 25 = -0*n - n. What is the greatest common factor of z and n?
15
Let v(s) = s**3 + 14*s**2 + 19*s + 15. Let a be v(-12). What is the highest common factor of a and 30?
15
Let a = -21 + 30. Calculate the highest common factor of a and 45.
9
Suppose 10*p - 4*p - 312 = 0. Calculate the greatest common divisor of 13 and p.
13
Suppose -4 = -c + 3*f, 7 = -4*c - 4*f - 9. Let n be (-6)/1*c/3. Calculate the greatest common divisor of 10 and n.
2
Let c = -5 - -17. Let j be -2 - -3 - (3 - (80 - -6)). Calculate the greatest common divisor of c and j.
12
Let q(v) = v**2 - 4*v - 8. Let b be q(6). Calculate the highest common factor of 36 and b.
4
Let t = 23 - -1. Let o be 32 + (5 - 3) + 0. Let n = o + -22. What is the highest common divisor of t and n?
12
Let k(m) = m + 6. Let r be k(-6). Suppose r*q = -q + 1. Suppose -b = -5*x + 21, -5*x - b + 15 = 4*b. What is the greatest common factor of x and q?
1
Let a(s) = -s**2 + 4*s - 1. Let r be a(3). Let f be (51 - -1) + 0 + r. Let j = 52 + -16. Calculate the highest common factor of j and f.
18
Let o(i) = 5*i**2 + 16*i + 10. Let a be o(-7). Calculate the highest common divisor of 11 and a.
11
Let y = 1 + 1. Suppose -a = -0*a - y. Suppose -r = a*r - 132. Calculate the greatest common divisor of 11 and r.
11
Suppose -11 = -b + 7. Suppose -4*i + 69 = 3*n, 0 = -0*n + 3*n - i - 84. Calculate the greatest common factor of n and b.
9
Let y(c) = 3*c + 6. Let l be y(-4). Let t be (1*-20)/(l/12). Calculate the highest common divisor of t and 100.
20
Suppose 0 = -c + 2*r + 34 - 12, 128 = 4*c + 2*r. Calculate the highest common factor of 20 and c.
10
Let w be (-27)/((-3)/2 + 0). Calculate the highest common factor of w and 18.
18
Let a(z) = z**3 - z**2 + z - 3. Let p be a(2). Suppose -p = -3*y - 0*y. Calculate the greatest common factor of 4 and y.
1
Suppose 2*m + 3*w + 4 = -0*w, -3*m - 1 = 2*w. Let r be (-144)/(-3) + 0/m. What is the